 by 44?
11
Calculate the remainder when 12672 is divided by 702.
36
What is the remainder when 6293 is divided by 19?
4
What is the remainder when 107845 is divided by 336?
325
What is the remainder when 335435 is divided by 40?
35
What is the remainder when 2590 is divided by 234?
16
Calculate the remainder when 14156 is divided by 73.
67
Calculate the remainder when 5609 is divided by 376.
345
What is the remainder when 823610 is divided by 1119?
26
What is the remainder when 174024 is divided by 278?
274
What is the remainder when 2535 is divided by 116?
99
What is the remainder when 19830 is divided by 4951?
26
What is the remainder when 1849 is divided by 109?
105
Calculate the remainder when 98872 is divided by 805.
662
What is the remainder when 6890 is divided by 8?
2
What is the remainder when 462425 is divided by 74?
73
Calculate the remainder when 1870 is divided by 368.
30
What is the remainder when 197157 is divided by 2663?
95
Calculate the remainder when 13571 is divided by 114.
5
Calculate the remainder when 61950 is divided by 8841.
63
Calculate the remainder when 5677 is divided by 2821.
35
What is the remainder when 71472 is divided by 586?
566
Calculate the remainder when 24581 is divided by 11.
7
Calculate the remainder when 12285 is divided by 362.
339
Calculate the remainder when 52618 is divided by 104.
98
What is the remainder when 24333 is divided by 2078?
1475
What is the remainder when 77603 is divided by 245?
183
What is the remainder when 24341 is divided by 271?
222
Calculate the remainder when 6068 is divided by 3014.
40
Calculate the remainder when 2821 is divided by 445.
151
Calculate the remainder when 941677 is divided by 182.
9
What is the remainder when 139449 is divided by 173?
11
What is the remainder when 6428 is divided by 43?
21
What is the remainder when 87529 is divided by 1233?
1219
What is the remainder when 835383 is divided by 74?
71
Calculate the remainder when 6165 is divided by 2027.
84
What is the remainder when 74986 is divided by 24964?
94
What is the remainder when 581223 is divided by 193734?
21
Calculate the remainder when 16329 is divided by 298.
237
What is the remainder when 1260124 is divided by 126?
124
What is the remainder when 31616 is divided by 360?
296
What is the remainder when 6398 is divided by 798?
14
Calculate the remainder when 203 is divided by 188.
15
Calculate the remainder when 12102 is divided by 5963.
176
Calculate the remainder when 24643 is divided by 1.
0
What is the remainder when 7272 is divided by 70?
62
What is the remainder when 124215 is divided by 103?
100
Calculate the remainder when 9091 is divided by 70.
61
Calculate the remainder when 1330 is divided by 101.
17
What is the remainder when 6275 is divided by 88?
27
Calculate the remainder when 112891 is divided by 167.
166
Calculate the remainder when 50578 is divided by 50508.
70
What is the remainder when 190473 is divided by 63488?
9
What is the remainder when 56874 is divided by 118?
116
Calculate the remainder when 3600 is divided by 46.
12
Calculate the remainder when 3609 is divided by 695.
134
What is the remainder when 531 is divided by 27?
18
What is the remainder when 8304 is divided by 133?
58
Calculate the remainder when 376 is divided by 88.
24
Calculate the remainder when 52184 is divided by 15.
14
Calculate the remainder when 4436 is divided by 877.
51
What is the remainder when 22110 is divided by 311?
29
Calculate the remainder when 34525 is divided by 2299.
40
Calculate the remainder when 1202 is divided by 644.
558
Calculate the remainder when 199484 is divided by 55.
54
Calculate the remainder when 48110 is divided by 9585.
185
What is the remainder when 6949 is divided by 330?
19
What is the remainder when 129070 is divided by 3?
1
What is the remainder when 16933 is divided by 104?
85
What is the remainder when 2041 is divided by 666?
43
Calculate the remainder when 782610 is divided by 782598.
12
What is the remainder when 1037 is divided by 27?
11
Calculate the remainder when 12421 is divided by 158.
97
What is the remainder when 3334 is divided by 51?
19
What is the remainder when 705 is divided by 196?
117
Calculate the remainder when 125957 is divided by 31482.
29
Calculate the remainder when 97862 is divided by 185.
182
Calculate the remainder when 51761 is divided by 17253.
2
What is the remainder when 21484 is divided by 510?
64
Calculate the remainder when 16203 is divided by 300.
3
Calculate the remainder when 13814 is divided by 2761.
9
What is the remainder when 31375 is divided by 21?
1
What is the remainder when 138889 is divided by 95?
94
Calculate the remainder when 2835 is divided by 470.
15
Calculate the remainder when 43258 is divided by 35.
33
What is the remainder when 676 is divided by 134?
6
What is the remainder when 215809 is divided by 5?
4
What is the remainder when 331318 is divided by 668?
658
What is the remainder when 18471 is divided by 1543?
1498
Calculate the remainder when 35191 is divided by 6998.
201
What is the remainder when 3223 is divided by 126?
73
Calculate the remainder when 190074 is divided by 244.
242
Calculate the remainder when 36098 is divided by 314.
302
Calculate the remainder when 9268637 is divided by 51.
50
What is the remainder when 21025 is divided by 2335?
10
What is the remainder when 5624 is divided by 72?
8
What is the remainder when 9421 is divided by 4022?
1377
What is the remainder when 610 is divided by 299?
12
Calculate the remainder when 28644 is divided by 60.
24
Calculate the remainder when 467734 is divided by 7543.
68
Calculate the remainder when 190154 is divided by 11.
8
What is the remainder when 327757 is divided by 10?
7
What is the remainder when 1591 is divided by 1525?
66
What is the remainder when 81053 is divided by 29?
27
Calculate the remainder when 77350 is divided by 12882.
58
What is the remainder when 948 is divided by 91?
38
Calculate the remainder when 5382 is divided by 449.
443
Calculate the remainder when 78148 is divided by 19520.
68
Calculate the remainder when 101917 is divided by 447.
1
Calculate the remainder when 5162 is divided by 858.
14
Calculate the remainder when 231567 is divided by 90.
87
What is the remainder when 2298 is divided by 16?
10
What is the remainder when 1381566 is divided by 16?
14
Calculate the remainder when 1580 is divided by 1461.
119
What is the remainder when 15643 is divided by 158?
1
What is the remainder when 14993 is divided by 250?
243
Calculate the remainder when 8475 is divided by 1410.
15
Calculate the remainder when 1381209 is divided by 36.
33
What is the remainder when 17401 is divided by 295?
291
Calculate the remainder when 15775 is divided by 686.
683
Calculate the remainder when 33499 is divided by 95.
59
What is the remainder when 1667 is divided by 122?
81
What is the remainder when 171060 is divided by 39?
6
Calculate the remainder when 42577 is divided by 14115.
232
What is the remainder when 5789 is divided by 201?
161
Calculate the remainder when 693 is divided by 26.
17
What is the remainder when 3897 is divided by 645?
27
What is the remainder when 12174 is divided by 31?
22
Calculate the remainder when 3044 is divided by 162.
128
What is the remainder when 17604 is divided by 590?
494
What is the remainder when 4936 is divided by 1643?
7
Calculate the remainder when 557 is divided by 116.
93
What is the remainder when 4123 is divided by 522?
469
Calculate the remainder when 4106 is divided by 55.
36
Calculate the remainder when 3670 is divided by 431.
222
Calculate the remainder when 574333 is divided by 66.
1
What is the remainder when 455596 is divided by 67?
63
Calculate the remainder when 23341 is divided by 689.
604
Calculate the remainder when 385 is divided by 121.
22
What is the remainder when 78824 is divided by 1024?
1000
What is the remainder when 12908 is divided by 67?
44
Calculate the remainder when 82774 is divided by 2363.
69
What is the remainder when 12628 is divided by 487?
453
What is the remainder when 8679 is divided by 790?
779
Calculate the remainder when 5064 is divided by 1684.
12
Calculate the remainder when 4484 is divided by 19.
0
Calculate the remainder when 14245 is divided by 783.
151
Calculate th